f**3/3 - 7*f**2 + 7. Calculate a(-1).
5
Let r(f) = f**2 - f - 4. Suppose 24*k + 200 = 26*k. Let i = k + -104. Give r(i).
16
Suppose -d - 5*f = -12 + 3, 2*f = 2. Suppose 0 = -4*u - 3*k - 17, -d*k - 6 = -2*k. Let j = 1 - u. Let y(m) = 2*m**2 - 3*m - 2. What is y(j)?
7
Let m(b) = -1256 - 4*b**2 + 1255 - b - 10*b**2. Determine m(-1).
-14
Suppose -54*p = -39*p - 90. Let x(g) = -g + 1. Determine x(p).
-5
Let g(a) = a**3 + 4*a**2 + a + 8. Suppose -3*s = d + 10, -s - 4*d - 1 = -5. Determine g(s).
4
Let k(v) be the third derivative of -v**5/60 - v**4/4 - 7*v**3/6 - 2*v**2. Let g be k(-4). Let y be 0 - 2 - g*-8. Let c(f) = f + 1. What is c(y)?
7
Suppose 5*r - 2*r = -t - 10, 22 = 5*t - 3*r. Let s(b) = -2*b - 3*b**2 + b**3 - 3 + 4*b**2 - 2*b - 6*b**t. What is s(6)?
9
Let w(p) = -4*p**2 + 10*p + 0*p**2 - p**3 - 78 - 74 - 3*p**2 + 158. Give w(-8).
-10
Let w(g) = -3*g + 4. Let j(a) = -a**3 - 2*a**2 - 2*a - 1. Let q be ((-18)/(-6))/((45/6)/(-5)). Let v be j(q). Calculate w(v).
-5
Suppose -j + 12 = -4*j. Let q = 17 - 11. Let i(l) = l. Let u(t) = t**2 + 8*t - 2. Let a(g) = q*i(g) - u(g). Give a(j).
-6
Let g(i) = -2*i**3 - 2*i**2 - i. Let o be g(-1). Suppose -41*v + 138 + 26 = 0. Let w = o + v. Let z(m) = -m**3 + 6*m**2 - 4*m - 4. Calculate z(w).
1
Let a(v) = 3*v + 17. Let k be 120/18*(-24)/20. Determine a(k).
-7
Let d be 20/(-110) - 114/(-22). Let k(b) = 2*b**2 - 7*b + 2. Let s be k(d). Let t(j) = 17 - s + j. Determine t(-1).
-1
Let i = -4834 - -4837. Suppose 2*c + 4*d - 8 = 6*c, 0 = -5*d + 25. Let l(a) = -4 + 2*a**2 - 5*a**2 + a**2 + c*a. Calculate l(i).
-13
Let c = -481 + 487. Let j(v) = v**3 - 7*v**2 + 7*v - 2. Determine j(c).
4
Suppose 26 = 4*y + 22*y. Let m(b) = -39*b - 1. Determine m(y).
-40
Let f(y) = -y**3 - 5*y**2 + 5*y - 2. Let j be (-1)/6 + 93/18. Suppose 5*i - 5*w = -50, 2*i + 38 = -i + j*w. Calculate f(i).
4
Let w = -221 - -228. Let k(y) = y**2 - 7*y + 3. Calculate k(w).
3
Let b(v) = -v**3 + 12*v**2 - 11*v + 16. Let m = -160 - -171. Give b(m).
16
Let f(b) = -5*b**2 + 2*b - 5. Let x be f(0). Let g(i) = -2*i**2 - 11*i - 14. Determine g(x).
-9
Let n(i) = -i + 11. Let o be (32/(-13 - -15))/(-2). Give n(o).
19
Let w(k) = -3*k - 2. Let b(z) = -3*z - 3. Let v(f) = -5*b(f) + 6*w(f). Let j = -14181 - -14177. Give v(j).
15
Let r(g) be the first derivative of -g**4/4 + 3*g**3 - 11*g + 334. Calculate r(9).
-11
Let f(j) = -j + 1. Suppose 5*x - 15 + 0 = 0. Suppose -13 = -4*g + x. Calculate f(g).
-3
Suppose -11*c + 41 = -113. Let i(l) = -2*l - 2*l + l + 13 - c. Determine i(-1).
2
Let t(l) = 2*l + 4. Let m(g) = 2*g - 13. Let n be m(3). Suppose -2*i - 15 = 3*i. Let w = i - n. Calculate t(w).
12
Suppose -5*h + 7*h - 290 = 0. Let y(a) = -a + 146 - a - h - 5*a**2. Calculate y(1).
-6
Let d(i) = 339*i**2 + 342*i**2 - 682*i**2 - 6*i + 9. Give d(-7).
2
Let g(h) = -h**3 + 30*h**2 - 28*h - 2. Let w be g(29). Let o(d) = -d**3 + 27*d**2 + 8. What is o(w)?
8
Let a(o) = 3*o + 4. Let t(y) = -y - 1. Let q(m) = -a(m) - 2*t(m). Let s = -6 - -8. Suppose -d + 4 = 4*u - 14, 2*d = s*u - 4. What is q(d)?
-4
Let l(u) = u**3 - 4*u**2 + 3*u - 4. Suppose -2*d + 2*v = 2, 0*d = 5*d - 4*v. Determine l(d).
8
Let q = 25 - 23. Let j(f) be the first derivative of -f**2 + 1/2*f**4 + f - 2/3*f**3 - 3. Calculate j(q).
5
Suppose 5*b = 2*t - 42, -5*b - 2*t + 5*t - 43 = 0. Let m(x) = -x**2 - 6*x + 15. What is m(b)?
-1
Suppose -30 - 138 = -28*r. Let s(a) be the third derivative of -a**4/8 + a**3 - a**2. What is s(r)?
-12
Let w = 1 + -1. Suppose w = -z - 5 + 3. Let r(h) be the second derivative of -h**3/3 - h**2/2 - 535*h. Calculate r(z).
3
Let k(x) = 25*x**2 - 9*x**2 - 18 + 30 - 16 + 2*x - 14*x**2. What is k(-3)?
8
Let m(p) = -p + 3. Suppose 4*w + 3*w = 0. Let d = w - 6. Let o = d - -9. What is m(o)?
0
Let q be 14/(154/99) + -5. Let o(j) = -j**3 + j**2 - 2*j + 6. Give o(q).
-50
Let i(c) = c**3 - c**2 - 6. Let z(q) = -2*q**3 + q**2 + 7. Suppose 2*t - 16 = o, o + 2*o = 4*t - 34. Let b(a) = t*i(a) + 6*z(a). Determine b(1).
-6
Let c(b) = -b**3 + 5*b**2 + 4*b + 4. Suppose -2*h - 72 = -6*h. Suppose -2*x - x + h = 0. Give c(x).
-8
Suppose -5*l + 0*l - 15 = 0. Let c(a) = -7*a**2 - 6*a - 7. Let q(o) = o**2 + o + 1. Let d = 20 - 21. Let m(z) = d*c(z) - 5*q(z). What is m(l)?
17
Let q = -27 - -31. Let u(w) = -6 - w**2 - 4*w**2 + 10*w + q*w**2 - 3*w. Give u(6).
0
Let b(q) be the third derivative of q**4/24 - 4*q**3/3 + 5569*q**2. Let h(o) = -4 + 2 + o - 4*o. Let f be h(-3). Determine b(f).
-1
Suppose y - 14 = -2*d, -2*y + 7*d = 3*d + 12. Suppose -y*g + 3 = -l - 6, 5*g - 7 = -3*l. Let v(u) = -u. Give v(l).
1
Let a(z) = 2*z - 30. Let l = 178 - 165. What is a(l)?
-4
Let g be 518/49 + (-4)/7. Let v = 10 - g. Suppose v = -0*n + 2*n - 14. Let k(c) = -c**2 + 5*c + 8. Give k(n).
-6
Let m(l) = -l**2 - 2*l + 3. Let t = 830 + -836. Calculate m(t).
-21
Suppose 4*k - 23 - 37 = 0. Let v(s) = 9*s**3 - k*s**3 + 4 - s - 4 + s**2. Determine v(1).
-6
Let u = 18 - -4. Let d = 20 - u. Let c(m) = -2*m**2 - 3*m - 2. Determine c(d).
-4
Let r(s) = s**3 - s**2 + s - 1. Let c = -35 - -37. Determine r(c).
5
Suppose 0*k - k = 5. Let v = -11 - k. Let c = v - -3. Let y(s) = -s**3 - 2*s**2 - 2*s. Calculate y(c).
15
Let m = -821 + 829. Let g(a) = -3*a + 27. What is g(m)?
3
Let u be (28 - 29)/((-2)/8). Let w(o) be the second derivative of o**4/12 - 5*o**3/6 + 2*o**2 - 6*o + 2. What is w(u)?
0
Let k(q) be the third derivative of q**6/360 - q**5/120 + 13*q**4/24 - 20*q**2. Let y(j) be the second derivative of k(j). Calculate y(-2).
-5
Let i(d) = d**3 - 7*d**2 + 6*d - 6. Let f = -56 - -29. Let p = 30 + f. Let n = 9 - p. Calculate i(n).
-6
Suppose 0 = 533*y - 531*y + 12. Let f(p) = 10*p + 57. Determine f(y).
-3
Suppose 3*k + 2 + 4 = 0. Let f(v) = -106 + v**2 + 2*v + 0*v**2 + 50 + 55. Give f(k).
-1
Let z(l) be the second derivative of l**5/20 - l**4/2 - 4*l**2 + l. Suppose -2*w + 5*h - 4 = 0, -h - 12 = -4*h. Suppose -8*n = w*n - 96. Calculate z(n).
-8
Let y = 45/17 + 63/34. Let t(b) be the first derivative of -y*b**2 + 10 + 0*b. Determine t(1).
-9
Let r be 2/3*(9 + 0). Let d(c) = -c - 4 + r - 4. Give d(7).
-9
Let l(i) be the third derivative of -i**4/8 - i**3/6 + 6*i**2. Suppose -5*q = -5*r - 11 - 4, 4*q - 22 = -r. Let k = 2 - q. Determine l(k).
8
Let g(n) = -2*n + 26. Let o be g(11). Let i(s) = o + 8*s**3 + 0 - s - 3*s**3 - 9*s**2 - 4*s**3. What is i(9)?
-5
Let w(l) be the third derivative of -l**8/1680 + l**7/5040 - l**5/6 + 12*l**2. Let x(t) be the third derivative of w(t). Calculate x(1).
-11
Suppose -c = 2*i + 16, 4*c = -3*i + 2*i - 78. Let v = c - -22. Let s(y) = -1 - 3*y**2 + v*y**2 + 0*y**2 + y. What is s(1)?
-1
Let j(w) be the third derivative of w**8/20160 + w**7/1008 + w**6/360 + w**5/6 - 16*w**2. Let y(k) be the third derivative of j(k). What is y(-2)?
-4
Let c(b) = -b + 6. Let l(g) = 4*g + 30. Let t be l(-7). Suppose 0 = -2*i + 2*i - t*i. What is c(i)?
6
Suppose -i = 5*a - 18 - 3, -4*a + 4*i + 12 = 0. Let j = 5 - a. Suppose 0 = -5*p - 9 - j. Let z(b) = -2*b + 1. Determine z(p).
5
Let h(w) = 7 - 5*w**3 + 6*w**2 + 2*w**3 + 2*w**3 - 3*w - 13*w**2. Calculate h(-6).
-11
Let t(k) be the first derivative of k**5/120 - k**4/8 + 10*k**3/3 - 43. Let a(c) be the third derivative of t(c). Calculate a(-4).
-7
Let h(s) = 9*s - 6. Let r = 223 + -219. Determine h(r).
30
Suppose -2*r + 0*c + 2*c + 6 = 0, -3*r - 3*c + 33 = 0. Let h = r - 2. Let d(x) = 5*x - h*x**2 - x**3 + 0 - 2 - 9*x. Calculate d(-4).
-2
Let s(l) = -4*l. Let x(c) = -3*c**2 - 38*c + 12. Let i be x(-13). Let k be (3*(-6)/(-36))/(i/(-8)). Give s(k).
-16
Let o(r) = 2*r + 2. Let x(g) = 15*g - 84. Let u be x(6). What is o(u)?
14
Let m be 48/9*(27/(-4) - -3). Let z(i) = 13*i**3 - 2*i**2 - i. Let p be z(-1). Let r = m - p. Let h(x) = x**2 + 6*x + 6. Give h(r).
6
Suppose -21*c = -25*c. Let t be -1 - (-8)/((-4)/(-2)). Let r(d) = -3 + 2 - t + c*d**2 + d**2 + d. Give r(0).
-4
Let g(j) = 8*j**2 + 17*j - 12. Let v be g(-3). Suppose b - 7 = 2*b - 4*f, 5*b = 5*f - 5. Let a(h) = -1 - 3*h + b - v. What is a(-6)?
9
Let w(q) = 2*q + 6. Let l be (7 - 3) + (-3 - -1)*-2. Let u be (-54)/l + 4/(-16). Give w(u).
-8
Let l be -23 + (0 - 4) + 8. Let x = 17 + l. Let n(y) = 2*y**3 + 3*y**2 - 1. What is n(x)?
-5
Let a(r) = 4*r**3 + 4*r**2 - 4*r + 7. Let h(j) = -5*j**3 - 4*j**2 + 4*j - 8. Let f(b) = 6*a(b) + 5*h(b). Let